digit of 176097836?
3
What is the thousands digit of 142981571?
1
What is the ten thousands digit of 4654858156?
5
What is the hundreds digit of 187451707?
7
What is the millions digit of 58272494?
8
What is the ten thousands digit of 266603872?
0
What is the millions digit of 5940245?
5
What is the tens digit of 7214473092?
9
What is the ten millions digit of 98371790?
9
What is the ten thousands digit of 5412178?
1
What is the hundreds digit of 77405761?
7
What is the tens digit of 3428889248?
4
What is the tens digit of 973019510?
1
What is the ten millions digit of 99408596?
9
What is the thousands digit of 2824038195?
8
What is the units digit of 1725350362?
2
What is the ten thousands digit of 345288475?
8
What is the ten thousands digit of 875693161?
9
What is the ten thousands digit of 782159?
8
What is the ten millions digit of 20697138?
2
What is the ten millions digit of 311187603?
1
What is the billions digit of 1167225371?
1
What is the units digit of 74669243?
3
What is the hundred thousands digit of 83210979?
2
What is the hundred millions digit of 101577779?
1
What is the hundred thousands digit of 91953975?
9
What is the millions digit of 163306158?
3
What is the millions digit of 39771146?
9
What is the ten millions digit of 574784831?
7
What is the ten millions digit of 62883179?
6
What is the thousands digit of 392047927?
7
What is the thousands digit of 248490007?
0
What is the billions digit of 1088309386?
1
What is the tens digit of 4043594897?
9
What is the thousands digit of 4692927029?
7
What is the hundred millions digit of 6059178783?
0
What is the ten thousands digit of 5916184178?
8
What is the tens digit of 4207040147?
4
What is the units digit of 2110212404?
4
What is the ten millions digit of 260982962?
6
What is the millions digit of 37012000?
7
What is the ten thousands digit of 1599549107?
4
What is the ten millions digit of 268295665?
6
What is the hundred thousands digit of 444574455?
5
What is the hundreds digit of 295512300?
3
What is the thousands digit of 383876115?
6
What is the thousands digit of 48448330?
8
What is the ten thousands digit of 156622225?
2
What is the hundreds digit of 99573530?
5
What is the hundred thousands digit of 601847075?
8
What is the ten millions digit of 393426786?
9
What is the ten thousands digit of 1305422274?
2
What is the hundred millions digit of 544598022?
5
What is the hundred thousands digit of 10992798?
9
What is the thousands digit of 48715118?
5
What is the hundred millions digit of 698940077?
6
What is the thousands digit of 205742189?
2
What is the millions digit of 69632056?
9
What is the hundreds digit of 2092375957?
9
What is the thousands digit of 2346332961?
2
What is the hundred thousands digit of 25586584?
5
What is the millions digit of 595673938?
5
What is the thousands digit of 1025887638?
7
What is the tens digit of 16886243?
4
What is the hundreds digit of 42425504?
5
What is the billions digit of 1366759833?
1
What is the hundred thousands digit of 14317867?
3
What is the thousands digit of 51359960?
9
What is the ten millions digit of 2376286398?
7
What is the hundred millions digit of 257427348?
2
What is the ten thousands digit of 2547341542?
4
What is the thousands digit of 754704715?
4
What is the units digit of 99014688?
8
What is the tens digit of 250822410?
1
What is the millions digit of 3175571275?
5
What is the hundred thousands digit of 51467300?
4
What is the ten millions digit of 218724019?
1
What is the units digit of 2933087400?
0
What is the thousands digit of 65769799?
9
What is the tens digit of 977983603?
0
What is the thousands digit of 9645515?
5
What is the hundreds digit of 569653348?
3
What is the ten millions digit of 149710922?
4
What is the thousands digit of 3662435915?
5
What is the units digit of 3736551?
1
What is the tens digit of 6822299?
9
What is the millions digit of 140676356?
0
What is the hundreds digit of 92477926?
9
What is the tens digit of 424629296?
9
What is the ten millions digit of 390624944?
9
What is the units digit of 27948903?
3
What is the ten millions digit of 466691741?
6
What is the hundred thousands digit of 77925677?
9
What is the hundreds digit of 2447459348?
3
What is the ten millions digit of 1101818620?
0
What is the hundred millions digit of 1309513859?
3
What is the units digit of 332520570?
0
What is the thousands digit of 7034208524?
8
What is the ten millions digit of 128255571?
2
What is the millions digit of 36485659?
6
What is the thousands digit of 174522502?
2
What is the millions digit of 64923576?
4
What is the units digit of 77024772?
2
What is the hundred thousands digit of 72344711?
3
What is the tens digit of 62069614?
1
What is the hundreds digit of 191495284?
2
What is the hundred millions digit of 1415987989?
4
What is the hundred millions digit of 734576736?
7
What is the hundred thousands digit of 250751706?
7
What is the hundred thousands digit of 236330895?
3
What is the millions digit of 1767917083?
7
What is the millions digit of 486991618?
6
What is the ten thousands digit of 210755417?
5
What is the units digit of 7537088?
8
What is the hundred thousands digit of 181218786?
2
What is the millions digit of 435894560?
5
What is the thousands digit of 355920639?
0
What is the hundred thousands digit of 1289578962?
5
What is the ten millions digit of 322427218?
2
What is the tens digit of 355564657?
5
What is the millions digit of 62733653?
2
What is the ten thousands digit of 644874109?
7
What is the millions digit of 1586468439?
6
What is the thousands digit of 59132179?
2
What is the tens digit of 1258053916?
1
What is the units digit of 59512641?
1
What is the tens digit of 29233930?
3
What is the millions digit of 80157581?
0
What is the hundred thousands digit of 880134126?
1
What is the ten thousands digit of 382181449?
8
What is the hundred millions digit of 182088287?
1
What is the millions digit of 109011015?
9
What is the tens digit of 84231428?
2
What is the units digit of 70991894?
4
What is the tens digit of 680960691?
9
What is the hundred thousands digit of 322911695?
9
What is the hundred millions digit of 377282610?
3
What is the ten millions digit of 3811387168?
1
What is the units digit of 779763563?
3
What is the ten thousands digit of 52508100?
0
What is the hundreds digit of 453416994?
9
What is the tens digit of 860870072?
7
What is the thousands digit of 62044024?
4
What is the hundred millions digit of 525264925?
5
What is the millions digit of 3897359125?
7
What is the thousands digit of 448329240?
9
What is the tens digit of 158857408?
0
What is the hundred thousands digit of 5205981769?
9
What is the units digit of 502454441?
1
What is the hundred thousands digit of 10330264?
3
What is the tens digit of 51308934?
3
What is the hundred thousands digit of 2787754611?
7
What is the millions digit of 76333258?
6
What is the tens digit of 71992938?
3
What is the units digit of 137766255?
5
What is the ten thousands digit of 75534736?
3
What is the millions digit of 109801818?
9
What is the tens digit of 1650030395?
9
What is the hundreds digit of 7522597?
5
What is the hundred thousands digit of 7859138?
8
What is the hundreds digit of 4066934960?
9
What is the ten thousands digit of 1886178304?
7
What is the millions digit of 119828496?
9
What is the thousands digit of 5452148136?
8
What is the thousands digit of 453255801?
5
What is the hundreds digit of 4962728627?
6
What is the hundred millions digit of 710043984?
7
What is the millions digit of 128722748?
8
What is the hundred thousands digit of 77683049?
6
What is the thousands digit of 536076259?
6
What is the hundreds digit of 635962900?
9
What is the hundreds digit of 3080233850?
8
What is the millions digit of 46958334?
6
What is the thousands digit of 128247633?
7
What is the ten thousands digit of 40538671?
3
What is the hundred thousands digit of 1110108179?
1
What is the tens digit of 27748831?
3
What is the millions digit of 42459877?
2
What is the tens digit of 19854401?
0
What is the ten thousands digit of 2652483894?
8
What is the hundred thousands digit of 1849079578?
0
What is the hundred thousands digit of 201348141?
3
What is the millions digit of 1957165166?
7
Wh